*2 + 5*s**p - s + 6*s**2. Calculate k(-1).
6
Let p(r) = 5*r**3 - r**2 - r + 1. Suppose -2*q = 4*w + 2, -w + 0*w - 23 = 5*q. Let y(z) = z - 6*z + 2*z + 9 - 4*z + 3*z. Let c be y(w). Give p(c).
4
Let x(b) = b**3 - 5*b**2 + 9*b - 4. Let c be x(-5). Let o = -298 - c. Let p(n) = -3*n**3 + n**2. Determine p(o).
-2
Let l(t) = 14*t**2 - t + 1. Let v(c) = c**2 + 32*c + 87. Let s be v(-29). Suppose s = -3*z - 71 - 142. Let f = z - -72. Determine l(f).
14
Let q(h) = -637*h - 3 + 317*h - 1 + 313*h. Give q(-3).
17
Suppose -227 - 325 = -6*y. Let x = -53 + y. Suppose 4*i - 3 = -x. Let w(t) = t + 8. Give w(i).
-1
Let v(x) = -x**3 - 7*x**2 + 5*x - 23. Suppose -128 = 27*i + 21*i - 32*i. Give v(i).
1
Let y = 8 + -2. Let a(r) = -29*r - 9. Let w(o) = 1 - 121*o + 250*o - 124*o. Let c(v) = a(v) + 6*w(v). Determine c(y).
3
Let i(j) = 2*j**2 - 8*j - 11. Let g be i(6). Let a(f) = -14 + 35*f - 34*f + g. Give a(-5).
-6
Let c(d) = -2*d**2 - d - 1. Let w(z) = 11*z**2 + 6*z + 11. Let y(j) = -6*c(j) - w(j). Let a(l) = -2*l**2 + l + 9. Let v(x) = 3*a(x) + 5*y(x). Calculate v(4).
-2
Let y be ((-2)/(-3))/((112/(-24))/(-7)). Let a be 5*(y + -3)/(-20)*10. Let k(r) = -r**3 + 6*r**2 - 7*r. Determine k(a).
-10
Let j(m) be the second derivative of m**5/20 - m**4/4 - 19*m**3/6 + 61*m**2/2 - 935*m - 1. Calculate j(3).
4
Let q(v) = 4*v**2 - 44*v - 2. Suppose 33*f - 548 = -185. Calculate q(f).
-2
Let y(u) = u**2 - 2. Let p(t) = -9*t + 5*t**2 - 22 - 12 - 4*t**2 - 18. Let x be p(-4). Determine y(x).
-2
Let n(p) = p**3 + 15*p**2 + 11*p - 27. Let w be n(-14). Suppose 0 = 5*v + 2*i + w, -3*v - 2*v - 3*i = 15. Let s(b) = -b**2 - 1. Determine s(v).
-10
Let b(q) be the third derivative of -q**4/12 - 26*q**3/3 - 4989*q**2. What is b(16)?
-84
Let f(s) = s**3 - 7*s**2 - 10*s + 1. Let l be (-2 + 10)/(45/40 - 7/56). What is f(l)?
-15
Let d(q) = 2*q**2 + 12*q + 6. Let n = 193 - 198. Let g be d(n). Let z(o) = -2*o - 4. Determine z(g).
4
Let c be (3 - 2 - -1)/2. Let z(i) = 587*i**2 - 586*i**2 - 1 + 2*i**3 + 2*i**3 - 2*i**3 + i - 9*i**3. What is z(c)?
-6
Suppose -5*w - 2*n = -60, 4*w + 5*n - 48 = -0*w. Let y = 49 + w. Let f = y - 58. Let s(t) = -3*t + 4. What is s(f)?
-5
Let y be 11/3 - 4/(-12). Suppose 7*q + 28 = y*i + 4*q, 5*i = q + 24. Let f(m) = 3*m + 3. Let b(n) = -2*n - 2. Let p(r) = 5*b(r) + 3*f(r). Calculate p(i).
-5
Let x(k) = k**2 + 6*k + 8. Let a be x(-1). Let l(z) = -z**a - 141*z**2 - 156*z**2 + 5 + 309*z**2. Calculate l(12).
5
Let t(i) = -i - 13. Suppose -3*v = v - 4*h + 56, 0 = -3*v - 2*h - 22. Let r(f) = -5*f**2 - 49*f - 4. Let u be r(v). What is t(u)?
1
Let t(f) = -f**3 + 5*f**2 - 5*f - 1. Let m be t(4). Let i(r) be the first derivative of -r**2 + r + 364405. Give i(m).
11
Let n(x) = -4*x + 12. Let z = -25480 + 25508. Calculate n(z).
-100
Let i(v) = -v**3 + 10*v**2 - 6*v - 42. Let a = -23494 + 23503. Give i(a).
-15
Suppose -17*z = -92*z - 730 - 320. Let b(t) = -t**3 - 13*t**2 + 12*t - 19. What is b(z)?
9
Let h(v) = 187*v**3 + 2*v - 3 - v + 10*v**2 - 188*v**3. Let f = -213 - -223. Calculate h(f).
7
Let h(s) = 2*s + 2. Let i(x) = 4*x + 5. Let y(p) = -9*h(p) + 4*i(p). Suppose v + 44 = 49. Suppose -v*g + 8*g - 6 = 0. Determine y(g).
-2
Let a = -57 - -56. Let d be a - -1 - (-12)/6. Let l(w) = 6*w**2 - 2*w**2 + 4 - 5 - d*w**2 + 4*w**3. Determine l(-1).
-3
Let d(u) be the third derivative of -66*u**2 + 1/120*u**6 - 5/24*u**4 + 0 - 1/30*u**5 - 1/6*u**3 + 0*u. Give d(4).
11
Let p(c) = -94 - 4*c - 56 + 45. Let i be p(-24). Let s(v) = -v**2 - 9*v + 4. Calculate s(i).
4
Suppose -3*d + 5*b + 42 = 0, -19 = -5*d + b + 7. Let l(f) = f**3 - 4*f**2 + f + 8. What is l(d)?
12
Let o(h) = 4*h - 9*h - 6*h - h**2 + 20 - 6 - 2*h. Suppose 88*i - 84*i = -52. Calculate o(i).
14
Let s(i) be the third derivative of 2/3*i**3 + 1/12*i**4 + 0*i + 0 + 1/15*i**5 + 83*i**2 + 1/120*i**6. Determine s(-3).
7
Let k(i) = -i - 2. Let g = -9 - 76. Let h = 91 + g. Give k(h).
-8
Suppose 2*p = 345 - 335. Let r(u) = -6*u - 8 + 2*u - u**3 + 3 + 6*u**2 + 3. Determine r(p).
3
Let m(h) = h**3 + 18*h**2 - 8. Let k be m(-18). Let x be k/20*5 + -1. Let a(i) = i**2 + 2*i - 3. What is a(x)?
0
Let n(z) = -20*z + 5*z**2 - 17*z - 13*z - 1 - 4*z**2 + 51*z. Calculate n(4).
19
Let o(t) be the second derivative of t**7/840 + t**6/360 - t**5/120 + t**3/6 - 3*t**2 - 3*t + 5. Let r(g) be the second derivative of o(g). Give r(0).
0
Let t(g) = -g - 250720 - g**2 + 8*g + 250716. Let w be 15/(-6)*(2 + -4). What is t(w)?
6
Let i(k) = -3*k**2 + 3*k**2 + 22 + k**2 + 5*k + 0*k + 3*k. What is i(-5)?
7
Suppose 128 = 7*k - 68. Suppose -56 - k = 12*d. Let p(b) = b**3 + 7*b**2 - 2*b + 3. Give p(d).
17
Let w(i) = -i + 80 + 4*i - 79 - 2*i**2 - i**3. Suppose 0 = 5*r + 15, 7 + 13 = 4*u - 4*r. Suppose 2*n - l - u*l = 9, -5*n + 3*l = 0. What is w(n)?
1
Let l(d) = -3*d**2 - 4. Let g(h) = 6*h**2 + 9. Let j(c) = -3*g(c) - 7*l(c). Let x(r) be the first derivative of j(r). Let k = -12934 + 12932. Calculate x(k).
-12
Suppose -h = -9 + 6. Suppose -11 = -h*r - 17. Let d(z) = 6*z**2 - 2*z - z**2 - 8*z**2. Give d(r).
-8
Suppose -31*c = -34*c + 93. Let i = 449 + c. Let m be i/(-56) + 8 + (-76)/14. Let t(b) = b**2 + 5*b - 4. What is t(m)?
2
Let w(z) = z**3 + 15*z**2 - 16*z. Let g be w(-16). Suppose g*a + 3*a - 9 = 0. Let r(y) = -2*y**2 - 6*y - y + 1 + y**2 - a. Calculate r(-6).
4
Let t(q) be the third derivative of -21*q**2 + 1 + 0*q**4 + 0*q + 1/60*q**5 - 7/6*q**3. Determine t(0).
-7
Let b(p) = -p + 5. Let s(f) = -f**2 + 17*f - 34. Let g(q) = -4*b(q) - s(q). What is g(11)?
-8
Let o(d) = -d**3 + 22*d**2 - 39*d - 7. Let n be -4*(-18)/168 - 548/(-28). Determine o(n).
13
Let w(v) = -3*v + 2. Suppose 3*n - 2*n = 0. Suppose -111*h + 108*h + 21 = 0. Let z = h + n. Determine w(z).
-19
Let p(v) = 51*v + 37. Let b(l) = 110*l + 75. Let w(a) = 6*b(a) - 13*p(a). Determine w(-13).
8
Suppose -76 + 80 = 4*o. Let n(q) = -2*q**2 + 2*q + 1. Let v be n(o). Let s(a) be the second derivative of -a**4/4 - a**2/2 + a. Give s(v).
-4
Let d(c) = c**2 - c - 2. Let m be (0 + (-30)/12)*(-4)/5. Suppose -2*z + 3*z = m. Let p be z - 1*(2 + 0). Determine d(p).
-2
Let m(o) = 3*o**2 - 2*o + 3. Let r be m(2). Suppose -4*n = d - r, 13 + 12 = -5*d. Let t(w) = 3*w - 4 - 2*w + n - 1. Calculate t(3).
2
Let f = 573 + -493. Suppose -o + 0*o + 45 = l, 0 = -5*o + l + 201. Let n(y) = f*y - o*y - 58*y. Give n(-1).
19
Let h(v) be the third derivative of 17*v**4/24 - 19*v**3/3 - v**2 + 3911*v. Calculate h(3).
13
Let k be (-15 - -4) + ((-12)/36)/(7/(-105)). Let v(x) = -4*x**2 - 20*x + 14. What is v(k)?
-10
Let o(w) = -5*w**3 + 3*w**2 + 3*w - 21. Let y(n) = 6*n**3 - 5*n**2 - 2*n + 27. Let t(u) = -5*o(u) - 4*y(u). Calculate t(-6).
3
Let t(r) = 2*r + 13. Let g(n) = -3*n - 14. Let u(p) = 3*g(p) + 4*t(p). Let i(z) = z**3 + 802*z**2 + 1599*z + 7. Let f be i(-2). Give u(f).
1
Let k(c) = 3*c**2 + 40*c - 26. Let n be k(-14). Let h be (2/(-3))/(2/(-6)). Let s(g) = 2*g - 3 - 3*g**h + 7 + 3*g**n - g**2. Calculate s(3).
1
Let a(q) = -12*q + 3. Suppose -981 = 14*m - 897. What is a(m)?
75
Let t(d) = d**2 + 6*d - 24. Let j be t(7). Suppose 0 = n + 2*m - 7 - 50, -n - 4*m = -j. Let x(c) = n*c - 23*c - 6 - 22*c. Give x(4).
2
Let v(n) = 12*n - 180. Let k be v(15). Suppose u = -k*u + 10. Let a(y) = y - 14. Determine a(u).
-4
Let g(j) = j**3 - j**2 - j + 2. Let m be 1*-5 - (21 - 13 - 191). Let i = -176 + m. Determine g(i).
4
Let y = 143141 + -143148. Let b(d) = 2*d + 16. Let j(c) = -c - 8. Let n(h) = 4*b(h) + 7*j(h). Determine n(y).
1
Let k(x) be the second derivative of -1/20*x**5 + 6*x**2 - 7/12*x**4 + 0 + 206*x - 1/2*x**3. Calculate k(-6).
-6
Let z(y) = -5*y - 16. Let u(m) = m - 9. Let o(f) = u(f) - z(f). Determine o(-5).
-23
Suppose c - 28 = 5*y - 2*y, 3*y - 4*c + 22 = 0. Let x(n) = n**2 + 8*n - 14. Give x(y).
6
Let k be 1 + (2 + -1)*-1. Suppose -12*p + 14*p = 18. Let t(h) = h - p - 1 + 18 - 7 + 0*h. Give t(k).
1
Suppose -4*t - 4 = 4*v, 5*t + 11 = v - 0. Let r be (4/(-10))/v + 63/45. Let g(l) = -23*l. Give g(r).
-23
Let z(l) be the second derivative of -l**5/20 - l**3/6 + 9*l**2/2 + 6*l. Let s(q) = 68*q - 544. Let r be s(8). Give z(r).
9
Let c(n) = -69*n**3 + 4*n**2 + 5*n - 13. Let p(f) = f**2 + f - 5. Let a(d) = c(d) - 3*p(d). Determine a(-1).
70
Let z(k) = -k**3 + 2*k**2 + 16*k - 23. Let o be z(7). Let v = 159 + o. Let y(s) = -4*s + 3*s + 4 - 